{"id":227627,"date":"2022-08-22T20:37:53","date_gmt":"2022-08-22T17:37:53","guid":{"rendered":"https:\/\/test.olipakerran.fi\/?post_type=product&#038;p=227627"},"modified":"2022-08-22T20:43:43","modified_gmt":"2022-08-22T17:43:43","slug":"liivinsuojat-ainotar","status":"publish","type":"product","link":"https:\/\/test.olipakerran.fi\/index.php\/tuote\/liivinsuojat-ainotar\/","title":{"rendered":"Liivinsuojat Ainotar"},"content":{"rendered":"<div id=\"tab-description\" class=\"woocommerce-Tabs-panel woocommerce-Tabs-panel--description panel entry-content active\" role=\"tabpanel\" aria-labelledby=\"tab-title-description\">\n<p>Pisaran muotoinen liivinsuoja.<\/p>\n<p>Laita pisaran k\u00e4rki kohti kainaloa tai k\u00e4rki kohti rintaliivien olkainta. Liivinsuoja pysyy hyvin paikoillaan, muotoutuu ja asettuu rypytt\u00f6m\u00e4mmin liiveihisi.<\/p>\n<p>Ulkopuoli on pul br kosteussulkukangasta, imukerroksena on pehmoista bambua ja ihoa vasten bambufleece\u00e4, -joustofroteeta, tenceli\u00e4 tai coolmaxia.<\/p>\n<p>Ihoa vasten tulevan kankaan voit valita. Ohjelma n\u00e4ytt\u00e4\u00e4 mit\u00e4 varastosta t\u00e4ll\u00e4 hetkell\u00e4 l\u00f6ytyy.<\/p>\n<p>Reilu koko 18 x 13 cm.<\/p>\n<p>1 pari \/ pkt<\/p>\n<\/div>\n<p>&nbsp;<\/p>\n<p>&nbsp;<\/p>\n<p>&nbsp;<\/p>\n<p>&nbsp;<\/p>\n","protected":false},"excerpt":{"rendered":"<p>Imett\u00e4ville \u00e4ideille jotain kaunista ja hy\u00f6dyllist\u00e4.<\/p>\n<p>Ihanan pehmoisia liivinsuojia, joita voit pest\u00e4 kerrasta toiseen.<\/p>\n","protected":false},"featured_media":227634,"comment_status":"open","ping_status":"closed","template":"","meta":{"_et_pb_use_builder":"","_et_pb_old_content":"","_et_gb_content_width":""},"class_list":["post-227627","product","type-product","status-publish","has-post-thumbnail","hentry","product_cat-liivinsuojat","product_cat-vauvat"],"_links":{"self":[{"href":"https:\/\/test.olipakerran.fi\/index.php\/wp-json\/wp\/v2\/product\/227627","targetHints":{"allow":["GET"]}}],"collection":[{"href":"https:\/\/test.olipakerran.fi\/index.php\/wp-json\/wp\/v2\/product"}],"about":[{"href":"https:\/\/test.olipakerran.fi\/index.php\/wp-json\/wp\/v2\/types\/product"}],"replies":[{"embeddable":true,"href":"https:\/\/test.olipakerran.fi\/index.php\/wp-json\/wp\/v2\/comments?post=227627"}],"wp:featuredmedia":[{"embeddable":true,"href":"https:\/\/test.olipakerran.fi\/index.php\/wp-json\/wp\/v2\/media\/227634"}],"wp:attachment":[{"href":"https:\/\/test.olipakerran.fi\/index.php\/wp-json\/wp\/v2\/media?parent=227627"}],"curies":[{"name":"wp","href":"https:\/\/api.w.org\/{rel}","templated":true}]}}