{"id":225066,"date":"2021-05-02T09:32:20","date_gmt":"2021-05-02T06:32:20","guid":{"rendered":"https:\/\/test.olipakerran.fi\/?post_type=product&#038;p=225066"},"modified":"2021-05-02T10:31:33","modified_gmt":"2021-05-02T07:31:33","slug":"olipa-kerran-trikoo-jekku-rekku-mustavalkoinen-1m","status":"publish","type":"product","link":"https:\/\/test.olipakerran.fi\/index.php\/tuote\/olipa-kerran-trikoo-jekku-rekku-mustavalkoinen-1m\/","title":{"rendered":"Olipa kerran\u00ae trikoo Jekku Rekku  mustavalkoinen 1m"},"content":{"rendered":"<p>Hinta yhdelle metrille. Mik\u00e4li tilaat 2m saat yhden kahden metrin palan.<\/p>\n<p>Materiaali 94% puuvilla 6% elastaani<\/p>\n<p>Kankaan leveys on 138-140cm<\/p>\n<p>Neli\u00f6paino on 170g<\/p>\n<p>Olipa kerran\u00ae trikoo Jekku Rekku on meid\u00e4n omaa kangasmallistoa.<\/p>\n<p><strong>VAIN YKSITYISK\u00c4YTT\u00d6\u00d6N<\/strong><br \/>\nT\u00e4st\u00e4 kankaasta et voi valmistaa mit\u00e4\u00e4n tuotteita myyntiin. Voit kuitenkin esitell\u00e4 itse tehdyn vaatteen\/tuotteen esim. blogissa ja sosiaalisessa mediassa. Kuvan yhteydess\u00e4\u00a0tulee mainita, ett\u00e4 vaate\/tuote on itse tehty.<\/p>\n<p>[ux_banner height=&#8221;250px&#8221; bg_color=&#8221;#d3ccd9&#8243; bg_overlay=&#8221;rgba(255,255,255,.5)&#8221; effect=&#8221;sparkle&#8221;]<\/p>\n<p>[ux_image id=&#8221;1771&#8243; width=&#8221;20&#8243; position_x=&#8221;70&#8243; position_y=&#8221;75&#8243;]<\/p>\n<p>[text_box text_color=&#8221;dark&#8221; width=&#8221;21&#8243; position_x=&#8221;15&#8243; position_y=&#8221;50&#8243;]<\/p>\n<h6>Kankaalle on my\u00f6nnetty:<\/h6>\n<p>[\/text_box]<\/p>\n<p>[\/ux_banner]<\/p>\n","protected":false},"excerpt":{"rendered":"<p>Jekku Rekku, iloinen hauva<br \/>\non yst\u00e4v\u00e4llinen koiravauva<br \/>\naina valmiina telmim\u00e4\u00e4n<br \/>\nkoirankujeet mieless\u00e4\u00e4n.<br \/>\nSe heiluttaa h\u00e4nt\u00e4\u00e4 ja antaa tassua,<br \/>\npyyt\u00e4\u00e4 kauniisti: &#8211; Rapsuta massua!<\/p>\n","protected":false},"featured_media":225080,"comment_status":"open","ping_status":"closed","template":"","meta":{"_et_pb_use_builder":"","_et_pb_old_content":"","_et_gb_content_width":""},"class_list":["post-225066","product","type-product","status-publish","has-post-thumbnail","hentry","product_cat-ompelu","product_cat-kankaat","product_cat-trikoot","product_tag-jekku-rekku"],"_links":{"self":[{"href":"https:\/\/test.olipakerran.fi\/index.php\/wp-json\/wp\/v2\/product\/225066","targetHints":{"allow":["GET"]}}],"collection":[{"href":"https:\/\/test.olipakerran.fi\/index.php\/wp-json\/wp\/v2\/product"}],"about":[{"href":"https:\/\/test.olipakerran.fi\/index.php\/wp-json\/wp\/v2\/types\/product"}],"replies":[{"embeddable":true,"href":"https:\/\/test.olipakerran.fi\/index.php\/wp-json\/wp\/v2\/comments?post=225066"}],"wp:featuredmedia":[{"embeddable":true,"href":"https:\/\/test.olipakerran.fi\/index.php\/wp-json\/wp\/v2\/media\/225080"}],"wp:attachment":[{"href":"https:\/\/test.olipakerran.fi\/index.php\/wp-json\/wp\/v2\/media?parent=225066"}],"curies":[{"name":"wp","href":"https:\/\/api.w.org\/{rel}","templated":true}]}}