{"id":224936,"date":"2021-05-02T09:19:33","date_gmt":"2021-05-02T06:19:33","guid":{"rendered":"https:\/\/test.olipakerran.fi\/?post_type=product&#038;p=224936"},"modified":"2021-05-02T10:19:55","modified_gmt":"2021-05-02T07:19:55","slug":"olipa-kerran-kruunupipo-ritari-keppari","status":"publish","type":"product","link":"https:\/\/test.olipakerran.fi\/index.php\/tuote\/olipa-kerran-kruunupipo-ritari-keppari\/","title":{"rendered":"Olipa kerran\u00ae Kruunupipo Ritari keppari"},"content":{"rendered":"<p>Kukapa lapsi ei haluaisi olla ulkona prinssi tai prinsessa. Kruunupipon kruunun sakarat ovat hauska uutuus. Kun katsot lastasi oikealla hetkell\u00e4, saatat n\u00e4hd\u00e4 h\u00e4nell\u00e4 p\u00e4\u00e4ss\u00e4 pelk\u00e4n kruunun. Toisessa hetkess\u00e4 n\u00e4et pipon ja kolmannessa hetkess\u00e4 kruunupipon.<\/p>\n<p>Malli on unisex.<\/p>\n<p>Olipa kerran\u00ae pipo on kaksinkertainen ja otsalla on kangasta 4 kerrosta.<\/p>\n<p>K\u00e4yt\u00e4 pipoa roolileikeiss\u00e4, seikkailuissa tai ihan vain ulkoillessa ulkovaatteiden kaverina.<\/p>\n<p>Olipa kerran\u00ae Kruunupipo on meid\u00e4n omaa suojattua mallistoa ja sit\u00e4 et saa mist\u00e4\u00e4n muualta.<\/p>\n<p>Olipa kerran\u00ae Ritari keppari on meid\u00e4n omaa kangasmallistoa.<\/p>\n<p>&nbsp;<\/p>\n<h2 class=\"uppercase\" style=\"text-align: center;\"><strong>Olipa kerran\u00ae<\/strong><\/h2>\n<h3 style=\"text-align: center;\">Malli on rekister\u00f6ity<\/h3>\n<p style=\"text-align: center;\">malli nro.26121.<\/p>\n<p>&nbsp;<\/p>\n<h6>Tuote valmistettu kankaasta, jolle on my\u00f6nnetty:<\/h6>\n<p>&nbsp;<\/p>\n","protected":false},"excerpt":{"rendered":"<p>Ritari Rudolf urheasti<br \/>\non sankarihommissa iltaan asti.<br \/>\nHypp\u00e4\u00e4 hurjan ratsun selk\u00e4\u00e4n,<br \/>\nei villikeppiheppaa pelk\u00e4\u00e4<br \/>\nt\u00e4\u00e4 reipas riemupakkaus!<br \/>\nSen tunnussana: Rakkaus<\/p>\n","protected":false},"featured_media":224984,"comment_status":"open","ping_status":"closed","template":"","meta":{"_et_pb_use_builder":"","_et_pb_old_content":"","_et_gb_content_width":""},"class_list":["post-224936","product","type-product","status-publish","has-post-thumbnail","hentry","product_cat-lapset","product_cat-pipot","product_tag-kruunu","product_tag-kruunupipo","product_tag-pipo","product_tag-ritari-rudolf"],"_links":{"self":[{"href":"https:\/\/test.olipakerran.fi\/index.php\/wp-json\/wp\/v2\/product\/224936","targetHints":{"allow":["GET"]}}],"collection":[{"href":"https:\/\/test.olipakerran.fi\/index.php\/wp-json\/wp\/v2\/product"}],"about":[{"href":"https:\/\/test.olipakerran.fi\/index.php\/wp-json\/wp\/v2\/types\/product"}],"replies":[{"embeddable":true,"href":"https:\/\/test.olipakerran.fi\/index.php\/wp-json\/wp\/v2\/comments?post=224936"}],"wp:featuredmedia":[{"embeddable":true,"href":"https:\/\/test.olipakerran.fi\/index.php\/wp-json\/wp\/v2\/media\/224984"}],"wp:attachment":[{"href":"https:\/\/test.olipakerran.fi\/index.php\/wp-json\/wp\/v2\/media?parent=224936"}],"curies":[{"name":"wp","href":"https:\/\/api.w.org\/{rel}","templated":true}]}}