{"id":223148,"date":"2021-01-05T10:46:56","date_gmt":"2021-01-05T08:46:56","guid":{"rendered":"http:\/\/www.clientesdestacaimagen.com\/ecommerce\/?page_id=1605"},"modified":"2021-05-04T19:07:16","modified_gmt":"2021-05-04T16:07:16","slug":"about-us","status":"publish","type":"page","link":"https:\/\/test.olipakerran.fi\/index.php\/about-us\/","title":{"rendered":"Meist\u00e4"},"content":{"rendered":"<p>[et_pb_section fb_built=&#8221;1&#8243; _builder_version=&#8221;4.6.6&#8243; _module_preset=&#8221;default&#8221; background_color=&#8221;#f4f4f4&#8243; background_enable_image=&#8221;off&#8221; parallax=&#8221;on&#8221; custom_margin=&#8221;0px||0px||false|false&#8221; custom_padding=&#8221;0px||0px||true|false&#8221;][et_pb_row column_structure=&#8221;1_2,1_2&#8243; make_equal=&#8221;on&#8221; _builder_version=&#8221;4.6.6&#8243; _module_preset=&#8221;default&#8221; width=&#8221;100%&#8221; max_width=&#8221;2560px&#8221; custom_margin=&#8221;0px||0px||false|false&#8221; custom_padding=&#8221;0px||0px||false|false&#8221;][et_pb_column type=&#8221;1_2&#8243; _builder_version=&#8221;4.6.6&#8243; _module_preset=&#8221;default&#8221; custom_padding=&#8221;200px|10%||10%|false|false&#8221; animation_style=&#8221;slide&#8221; animation_direction=&#8221;left&#8221; animation_intensity_slide=&#8221;10%&#8221;][et_pb_text _builder_version=&#8221;4.9.2&#8243; _module_preset=&#8221;default&#8221; header_font=&#8221;Trebuchet||||||||&#8221; header_text_color=&#8221;#0a0a0a&#8221; header_font_size=&#8221;44px&#8221;]<\/p>\n<h1>Meist\u00e4<\/h1>\n<p>[\/et_pb_text][et_pb_divider _builder_version=&#8221;4.6.6&#8243; _module_preset=&#8221;default&#8221; width=&#8221;30px&#8221;][\/et_pb_divider][et_pb_text _builder_version=&#8221;4.9.2&#8243; _module_preset=&#8221;default&#8221; text_font=&#8221;Verdana||||||||&#8221; text_font_size=&#8221;21px&#8221; text_line_height=&#8221;1.6em&#8221; hover_enabled=&#8221;0&#8243; sticky_enabled=&#8221;0&#8243;]<\/p>\n<div class=\"et_pb_module et_pb_text et_pb_text_1_tb_footer  et_pb_text_align_left et_pb_bg_layout_light\">\n<div class=\"et_pb_text_inner\">\n<p><em>Suunniteltu nauraen ja kikattaen posket punoittaen innostuksesta.<\/em><\/p>\n<p><em>Koottu Rakkaudella ja joskus tuskan hiell\u00e4 sek\u00e4 ep\u00e4toivon kauniilla kyyneleill\u00e4, mutta aina puhtain k\u00e4sin.<\/em><\/p>\n<p>Edell\u00e4 oleva teksti kuvaa hyvin toimintaamme. Suurperheen keskell\u00e4 oleva pieni yritys tuo paljon iloa, mutta my\u00f6s paljon tuskastelua kuinka saada k\u00e4det riitt\u00e4m\u00e4\u00e4n kaikkeen mit\u00e4 haluat tehd\u00e4.<\/p>\n<\/div>\n<\/div>\n<p>[\/et_pb_text][et_pb_image src=&#8221;http:\/\/www.clientesdestacaimagen.com\/ecommerce\/wp-content\/uploads\/2021\/01\/164220-1024&#215;575.jpg&#8221; title_text=&#8221;164220&#8243; disabled_on=&#8221;off|off|on&#8221; _builder_version=&#8221;4.6.6&#8243; _module_preset=&#8221;default&#8221; transform_scale_linked=&#8221;off&#8221; transform_translate=&#8221;0px|30px&#8221; transform_translate_linked=&#8221;off&#8221;][\/et_pb_image][\/et_pb_column][et_pb_column type=&#8221;1_2&#8243; _builder_version=&#8221;4.6.6&#8243; _module_preset=&#8221;default&#8221; background_image=&#8221;https:\/\/test.olipakerran.fi\/wp-content\/uploads\/2021\/04\/hanger-spring-vehicle-color-fashion-market-181783-pxhere.com_.jpg&#8221; custom_padding=&#8221;300px||300px||false|false&#8221; animation_style=&#8221;slide&#8221; animation_direction=&#8221;right&#8221; animation_intensity_slide=&#8221;10%&#8221;][\/et_pb_column][\/et_pb_row][\/et_pb_section][et_pb_section fb_built=&#8221;1&#8243; _builder_version=&#8221;4.6.6&#8243; _module_preset=&#8221;default&#8221;][et_pb_row column_structure=&#8221;1_2,1_2&#8243; _builder_version=&#8221;4.6.6&#8243; _module_preset=&#8221;default&#8221; animation_style=&#8221;slide&#8221; animation_direction=&#8221;bottom&#8221; animation_intensity_slide=&#8221;20%&#8221;][et_pb_column type=&#8221;1_2&#8243; _builder_version=&#8221;4.6.6&#8243; _module_preset=&#8221;default&#8221;][et_pb_text _builder_version=&#8221;4.9.2&#8243; _module_preset=&#8221;default&#8221; hover_enabled=&#8221;0&#8243; sticky_enabled=&#8221;0&#8243;]<\/p>\n<h2>Miten kaikki sai alkunsa?<\/h2>\n<p>[\/et_pb_text][et_pb_divider _builder_version=&#8221;4.6.6&#8243; _module_preset=&#8221;default&#8221; width=&#8221;30px&#8221;][\/et_pb_divider][\/et_pb_column][et_pb_column type=&#8221;1_2&#8243; _builder_version=&#8221;4.6.6&#8243; _module_preset=&#8221;default&#8221;][et_pb_text _builder_version=&#8221;4.6.6&#8243; _module_preset=&#8221;default&#8221; text_text_color=&#8221;#0a0a0a&#8221; text_font_size=&#8221;13px&#8221; text_letter_spacing=&#8221;3px&#8221; text_orientation=&#8221;right&#8221; text_orientation_tablet=&#8221;left&#8221; text_orientation_phone=&#8221;&#8221; text_orientation_last_edited=&#8221;on|phone&#8221;]<\/p>\n<p>EST 2002<\/p>\n<p>[\/et_pb_text][\/et_pb_column][\/et_pb_row][et_pb_row column_structure=&#8221;1_2,1_2&#8243; use_custom_gutter=&#8221;on&#8221; gutter_width=&#8221;4&#8243; custom_padding_last_edited=&#8221;on|phone&#8221; _builder_version=&#8221;4.6.6&#8243; _module_preset=&#8221;default&#8221; max_width=&#8221;980px&#8221; custom_padding_tablet=&#8221;0px||||false|false&#8221; custom_padding_phone=&#8221;&#8221;][et_pb_column type=&#8221;1_2&#8243; _builder_version=&#8221;4.6.6&#8243; _module_preset=&#8221;default&#8221; animation_style=&#8221;slide&#8221; animation_direction=&#8221;left&#8221; animation_intensity_slide=&#8221;15%&#8221;][et_pb_text _builder_version=&#8221;4.9.2&#8243; _module_preset=&#8221;default&#8221; hover_enabled=&#8221;0&#8243; sticky_enabled=&#8221;0&#8243;]<\/p>\n<p>Tuoteet on suunniteltu ja valmistettu Suomessa. Valitsemme materiaalit huolella ja suosimme mahdollisuuksien mukaan suomalaista.<br \/>Olemme pieni yritys suurperheen keskell\u00e4. Vuosien varrella lasten kasvaessa, on tullut tutuksi yksi jos toinenkin lasten tuote. Moni tuotteistamme onkin saanut alkunsa, kun on pit\u00e4nyt tehd\u00e4 omaan k\u00e4ytt\u00f6\u00f6n tarpeellinen tuote. Suurperheess\u00e4 lapsia ja tarpeita onkin riitt\u00e4nyt roppakaupalla, joten jemmassa on viel\u00e4 tuotteita odottamassa k\u00e4sien vapautumista.<\/p>\n<h4>Miten Kerran&#8230; tuotteet saivat alkunsa?<\/h4>\n<p>Olen \u00e4iti. Haluan tuntea itseni t\u00e4rke\u00e4ksi, arvostetuksi ja naiselliseksi. Olen silti mukavuudenhaluinen. En halua ylleni kirist\u00e4vi\u00e4 vaatteita. Lattialle pit\u00e4\u00e4 pysty\u00e4 polvistumaan kerta toisensa j\u00e4lkeen solmimaan lapsen keng\u00e4nnauhoja. N\u00e4in ollen tunika ja legginsit ovat luottovaatteitani. Olen tehnyt koruja myyntiin aikaisemminkin, mutta se j\u00e4i ajanpuutteessa jalkoihin. Nyt on aika jatkaa korujen parissa ja tuoda muutama kaava \u00e4idillekin. Idea on ett\u00e4 voimme tarjota kokonaisuuden. Laukku, tunika, legginsit ja korut jotka sopivat kesken\u00e4\u00e4n.<\/p>\n<p>[\/et_pb_text][\/et_pb_column][et_pb_column type=&#8221;1_2&#8243; _builder_version=&#8221;4.6.6&#8243; _module_preset=&#8221;default&#8221; animation_style=&#8221;slide&#8221; animation_direction=&#8221;right&#8221; animation_intensity_slide=&#8221;15%&#8221;][et_pb_text _builder_version=&#8221;4.9.2&#8243; _module_preset=&#8221;default&#8221; hover_enabled=&#8221;0&#8243; sticky_enabled=&#8221;0&#8243;]<\/p>\n<h4>Miten Olipa kerran\u00ae tuotteet saivat alkunsa?<\/h4>\n<p>Meill\u00e4 on ollut paljon roolivaatteita, mutta ei yht\u00e4\u00e4n sellaista miss\u00e4 lapsi itse olisi p\u00e4\u00e4osassa.<\/p>\n<p>Usein pukeudutaan ritariksi tai prinsessaksi, mutta Olipa kerran- maassa kaikki on toisin. Kankaan Prinsessa tai Ritari on lapsi itse. Kuosissa esiintyv\u00e4n Ritarin tai Prinsessan voi vaikka nimet\u00e4 lapsensa mukaan tai keksi\u00e4 hahmolle ihan mik\u00e4 tahansa muu nimi.<\/p>\n<p>Kaipasimme itsellemme siis jotain uutta, joten t\u00e4ss\u00e4 sit\u00e4 ollaan. Tuotteet on tehty yhdess\u00e4 lasten kanssa touhuten ja lasten valintoja kunnioittaen. Lasten teht\u00e4v\u00e4n\u00e4 on olla lapsia ja leikki\u00e4. Heist\u00e4 on kuitenkin ollut mukavaa suunnitella, valita v\u00e4rej\u00e4, testata tuotteita ja toimia malleina. Meill\u00e4 on ollut kivaa yhteisell\u00e4 matkalla ja toivotamme sinut mukaan ilomielin!<\/p>\n<p>[\/et_pb_text][\/et_pb_column][\/et_pb_row][et_pb_row _builder_version=&#8221;4.6.6&#8243; _module_preset=&#8221;default&#8221; custom_padding=&#8221;57px||57px||true|&#8221;][et_pb_column type=&#8221;4_4&#8243; _builder_version=&#8221;4.6.6&#8243; _module_preset=&#8221;default&#8221;][et_pb_number_counter number=&#8221;12930&#8243; percent_sign=&#8221;off&#8221; _builder_version=&#8221;4.6.6&#8243; _module_preset=&#8221;default&#8221; title_font_size=&#8221;17px&#8221; number_text_align=&#8221;center&#8221; number_font_size=&#8221;50px&#8221; number_line_height=&#8221;50px&#8221; text_orientation=&#8221;right&#8221; height=&#8221;50px&#8221; custom_margin=&#8221;||1px|||&#8221; custom_padding=&#8221;||0px|||&#8221; custom_css_number_counter_title=&#8221;margin:0px;||padding:0px;&#8221;][\/et_pb_number_counter][et_pb_text _builder_version=&#8221;4.6.6&#8243; _module_preset=&#8221;default&#8221; text_text_color=&#8221;#0a0a0a&#8221; text_font_size=&#8221;13px&#8221; text_letter_spacing=&#8221;3px&#8221; text_orientation=&#8221;center&#8221; animation_style=&#8221;slide&#8221; animation_direction=&#8221;bottom&#8221;]<\/p>\n<p>HAPPY CLIENTS<\/p>\n<p>[\/et_pb_text][\/et_pb_column][\/et_pb_row][\/et_pb_section][et_pb_section fb_built=&#8221;1&#8243; custom_padding_last_edited=&#8221;on|tablet&#8221; _builder_version=&#8221;4.6.6&#8243; _module_preset=&#8221;default&#8221; custom_padding=&#8221;||80px|||&#8221; custom_padding_tablet=&#8221;0px||0px||false|false&#8221; custom_padding_phone=&#8221;&#8221;][et_pb_row column_structure=&#8221;1_2,1_2&#8243; _builder_version=&#8221;4.6.6&#8243; _module_preset=&#8221;default&#8221;][et_pb_column type=&#8221;1_2&#8243; _builder_version=&#8221;4.6.6&#8243; _module_preset=&#8221;default&#8221;][et_pb_image src=&#8221;https:\/\/test.olipakerran.fi\/wp-content\/uploads\/2021\/04\/nature-person-people-road-street-photography-910926-pxhere.com_.jpg&#8221; title_text=&#8221;nature-person-people-road-street-photography-910926-pxhere.com&#8221; _builder_version=&#8221;4.6.6&#8243; _module_preset=&#8221;default&#8221; animation_style=&#8221;slide&#8221; animation_intensity_slide=&#8221;10%&#8221;][\/et_pb_image][et_pb_image src=&#8221;https:\/\/test.olipakerran.fi\/wp-content\/uploads\/2021\/04\/shoe-girl-woman-leg-jeans-spring-34249-pxhere.com_.jpg&#8221; title_text=&#8221;shoe-girl-woman-leg-jeans-spring-34249-pxhere.com&#8221; _builder_version=&#8221;4.6.6&#8243; _module_preset=&#8221;default&#8221; transform_translate_linked=&#8221;off&#8221; positioning=&#8221;absolute&#8221; position_origin_a=&#8221;center_left&#8221; horizontal_offset=&#8221;-131px&#8221; z_index=&#8221;8&#8243; horizontal_offset_tablet=&#8221;-60px&#8221; horizontal_offset_phone=&#8221;-19px&#8221; horizontal_offset_last_edited=&#8221;on|phone&#8221; width=&#8221;250px&#8221; width_tablet=&#8221;250px&#8221; width_phone=&#8221;150px&#8221; width_last_edited=&#8221;on|phone&#8221; animation_style=&#8221;fade&#8221; animation_delay=&#8221;500ms&#8221; border_width_all=&#8221;15px&#8221; border_color_all=&#8221;#ffffff&#8221; border_width_all_tablet=&#8221;&#8221; border_width_all_phone=&#8221;5px&#8221; border_width_all_last_edited=&#8221;on|tablet&#8221;][\/et_pb_image][\/et_pb_column][et_pb_column type=&#8221;1_2&#8243; _builder_version=&#8221;4.6.6&#8243; _module_preset=&#8221;default&#8221; animation_style=&#8221;slide&#8221; animation_direction=&#8221;right&#8221; animation_intensity_slide=&#8221;10%&#8221;][et_pb_text _builder_version=&#8221;4.6.6&#8243; _module_preset=&#8221;default&#8221; text_letter_spacing=&#8221;2px&#8221; custom_margin=&#8221;134px|||||&#8221; custom_margin_tablet=&#8221;0px||||false|false&#8221; custom_margin_phone=&#8221;&#8221; custom_margin_last_edited=&#8221;on|phone&#8221; header_2_text_align_tablet=&#8221;center&#8221; header_2_text_align_phone=&#8221;&#8221; header_2_text_align_last_edited=&#8221;on|tablet&#8221;]<\/p>\n<h2>#MYECOMERCE<\/h2>\n<p>[\/et_pb_text][et_pb_divider _builder_version=&#8221;4.6.6&#8243; _module_preset=&#8221;default&#8221; width=&#8221;30px&#8221; module_alignment_tablet=&#8221;center&#8221; module_alignment_phone=&#8221;&#8221; module_alignment_last_edited=&#8221;on|tablet&#8221;][\/et_pb_divider][et_pb_text _builder_version=&#8221;4.6.6&#8243; _module_preset=&#8221;default&#8221; custom_margin=&#8221;||35px|||&#8221; text_orientation_tablet=&#8221;center&#8221; text_orientation_phone=&#8221;&#8221; text_orientation_last_edited=&#8221;on|tablet&#8221;]<\/p>\n<p>Your content goes here. Edit or remove this text inline or in the module Content settings. You can also style every aspect of this content in the module<\/p>\n<p>[\/et_pb_text][et_pb_number_counter number=&#8221;98523&#8243; percent_sign=&#8221;off&#8221; _builder_version=&#8221;4.6.6&#8243; _module_preset=&#8221;default&#8221; title_text_align=&#8221;left&#8221; title_font_size=&#8221;17px&#8221; number_text_align=&#8221;left&#8221; number_font_size=&#8221;50px&#8221; number_line_height=&#8221;50px&#8221; text_orientation=&#8221;left&#8221; height=&#8221;50px&#8221; custom_margin=&#8221;||1px|||&#8221; custom_padding=&#8221;||0px|||&#8221; number_text_align_tablet=&#8221;center&#8221; number_text_align_phone=&#8221;&#8221; number_text_align_last_edited=&#8221;on|phone&#8221; custom_css_number_counter_title=&#8221;margin:0px;||padding:0px;&#8221;][\/et_pb_number_counter][et_pb_text _builder_version=&#8221;4.6.6&#8243; _module_preset=&#8221;default&#8221; text_text_color=&#8221;#0a0a0a&#8221; text_font_size=&#8221;13px&#8221; text_letter_spacing=&#8221;3px&#8221; custom_margin=&#8221;||50px|||&#8221; text_orientation_tablet=&#8221;center&#8221; text_orientation_phone=&#8221;&#8221; text_orientation_last_edited=&#8221;on|tablet&#8221;]<\/p>\n<p>HAPPY FOLLOWERS<\/p>\n<p>[\/et_pb_text][et_pb_social_media_follow _builder_version=&#8221;4.6.6&#8243; _module_preset=&#8221;default&#8221; text_orientation_tablet=&#8221;center&#8221; text_orientation_phone=&#8221;&#8221; text_orientation_last_edited=&#8221;on|phone&#8221;][et_pb_social_media_follow_network social_network=&#8221;facebook&#8221; icon_color=&#8221;#0a0a0a&#8221; _builder_version=&#8221;4.6.6&#8243; _module_preset=&#8221;default&#8221; background_color=&#8221;#ffffff&#8221; background_enable_color=&#8221;on&#8221; border_radii=&#8221;on|100px|100px|100px|100px&#8221; border_width_all=&#8221;1px&#8221; border_color_all=&#8221;rgba(10,10,10,0.2)&#8221; border_color_all__hover_enabled=&#8221;on|hover&#8221; border_color_all__hover=&#8221;#0a0a0a&#8221; background__hover_enabled=&#8221;on|hover&#8221; background_color__hover=&#8221;#0a0a0a&#8221; background_enable_color__hover=&#8221;on&#8221; icon_color__hover_enabled=&#8221;on|hover&#8221; icon_color__hover=&#8221;#ffffff&#8221; follow_button=&#8221;off&#8221; url_new_window=&#8221;on&#8221;]facebook[\/et_pb_social_media_follow_network][et_pb_social_media_follow_network social_network=&#8221;twitter&#8221; icon_color=&#8221;#0a0a0a&#8221; _builder_version=&#8221;4.6.6&#8243; _module_preset=&#8221;default&#8221; background_color=&#8221;#ffffff&#8221; background_enable_color=&#8221;on&#8221; border_radii=&#8221;on|100px|100px|100px|100px&#8221; border_width_all=&#8221;1px&#8221; border_color_all=&#8221;rgba(10,10,10,0.2)&#8221; background_color__hover=&#8221;#0a0a0a&#8221; background_enable_color__hover=&#8221;on&#8221; icon_color__hover=&#8221;#ffffff&#8221; icon_color__hover_enabled=&#8221;on|hover&#8221; border_color_all__hover=&#8221;#0a0a0a&#8221; border_color_all__hover_enabled=&#8221;on|hover&#8221; follow_button=&#8221;off&#8221; url_new_window=&#8221;on&#8221;]twitter[\/et_pb_social_media_follow_network][et_pb_social_media_follow_network social_network=&#8221;pinterest&#8221; icon_color=&#8221;#0a0a0a&#8221; _builder_version=&#8221;4.6.6&#8243; _module_preset=&#8221;default&#8221; background_color=&#8221;#ffffff&#8221; background_enable_color=&#8221;on&#8221; border_radii=&#8221;on|100px|100px|100px|100px&#8221; border_width_all=&#8221;1px&#8221; border_color_all=&#8221;rgba(10,10,10,0.2)&#8221; background_color__hover=&#8221;#0a0a0a&#8221; background_enable_color__hover=&#8221;on&#8221; icon_color__hover=&#8221;#ffffff&#8221; icon_color__hover_enabled=&#8221;on|hover&#8221; border_color_all__hover=&#8221;#0a0a0a&#8221; border_color_all__hover_enabled=&#8221;on|hover&#8221; follow_button=&#8221;off&#8221; url_new_window=&#8221;on&#8221;]pinterest[\/et_pb_social_media_follow_network][\/et_pb_social_media_follow][\/et_pb_column][\/et_pb_row][\/et_pb_section][et_pb_section fb_built=&#8221;1&#8243; _builder_version=&#8221;4.6.6&#8243; _module_preset=&#8221;default&#8221; background_color=&#8221;#ffffff&#8221;][et_pb_row _builder_version=&#8221;4.6.6&#8243; _module_preset=&#8221;default&#8221; animation_style=&#8221;slide&#8221; animation_direction=&#8221;bottom&#8221; animation_intensity_slide=&#8221;20%&#8221;][et_pb_column type=&#8221;4_4&#8243; _builder_version=&#8221;4.6.6&#8243; _module_preset=&#8221;default&#8221;][et_pb_text _builder_version=&#8221;4.6.6&#8243; _module_preset=&#8221;default&#8221; header_2_text_align=&#8221;center&#8221; custom_margin=&#8221;||0px|||&#8221;]<\/p>\n<h2>100% QUALITY<\/h2>\n<p>[\/et_pb_text][et_pb_text _builder_version=&#8221;4.6.6&#8243; _module_preset=&#8221;default&#8221; text_font=&#8221;|||on|||||&#8221; text_text_color=&#8221;#0a0a0a&#8221; text_font_size=&#8221;13px&#8221; text_letter_spacing=&#8221;3px&#8221; text_orientation=&#8221;center&#8221; custom_margin=&#8221;||30px|||&#8221;]<\/p>\n<p>\u00a0Quisque porta diam nec risus gravida varius<\/p>\n<p>[\/et_pb_text][et_pb_divider _builder_version=&#8221;4.6.6&#8243; _module_preset=&#8221;default&#8221; width=&#8221;30px&#8221; module_alignment=&#8221;center&#8221;][\/et_pb_divider][\/et_pb_column][\/et_pb_row][et_pb_row column_structure=&#8221;1_3,1_3,1_3&#8243; use_custom_gutter=&#8221;on&#8221; gutter_width=&#8221;3&#8243; _builder_version=&#8221;4.6.6&#8243; _module_preset=&#8221;default&#8221; animation_style=&#8221;slide&#8221; animation_direction=&#8221;bottom&#8221; animation_intensity_slide=&#8221;20%&#8221;][et_pb_column type=&#8221;1_3&#8243; _builder_version=&#8221;4.6.6&#8243; _module_preset=&#8221;default&#8221;][et_pb_blurb title=&#8221;Free Shiping&#8221; image=&#8221;https:\/\/test.olipakerran.fi\/wp-content\/uploads\/2021\/04\/carrito.png&#8221; icon_placement=&#8221;left&#8221; _builder_version=&#8221;4.6.6&#8243; _module_preset=&#8221;default&#8221; custom_css_blurb_image=&#8221;width:40px;||transform:translateY(0);&#8221;]<\/p>\n<p>Lorem ipsum dolor sit amet, consectetur adipiscing elit<\/p>\n<p>[\/et_pb_blurb][\/et_pb_column][et_pb_column type=&#8221;1_3&#8243; _builder_version=&#8221;4.6.6&#8243; _module_preset=&#8221;default&#8221;][et_pb_blurb title=&#8221;24 \/ 7 Support&#8221; image=&#8221;http:\/\/www.clientesdestacaimagen.com\/ecommerce\/wp-content\/uploads\/2020\/11\/iconfinder_10_171505-1.svg&#8221; icon_placement=&#8221;left&#8221; _builder_version=&#8221;4.6.6&#8243; _module_preset=&#8221;default&#8221; custom_css_blurb_image=&#8221;width:30px;||transform:translateY(-10px);&#8221;]Proin vestibulum est risus, eget ornare mi fringilla in[\/et_pb_blurb][\/et_pb_column][et_pb_column type=&#8221;1_3&#8243; _builder_version=&#8221;4.6.6&#8243; _module_preset=&#8221;default&#8221;][et_pb_blurb title=&#8221;Secure Payment&#8221; image=&#8221;http:\/\/www.clientesdestacaimagen.com\/ecommerce\/wp-content\/uploads\/2020\/11\/iconfinder_07.Wallet_290143.svg&#8221; icon_placement=&#8221;left&#8221; _builder_version=&#8221;4.6.6&#8243; _module_preset=&#8221;default&#8221; custom_css_blurb_image=&#8221;width:40px;||transform:translateY(-15px);&#8221;]Lorem ipsum dolor sit amet, consectetur adipiscing elit.[\/et_pb_blurb][\/et_pb_column][\/et_pb_row][et_pb_row _builder_version=&#8221;4.6.6&#8243; _module_preset=&#8221;default&#8221;][et_pb_column type=&#8221;4_4&#8243; _builder_version=&#8221;4.6.6&#8243; _module_preset=&#8221;default&#8221;][et_pb_button button_text=&#8221;GO TO SHOP&#8221; button_alignment=&#8221;center&#8221; _builder_version=&#8221;4.6.6&#8243; _module_preset=&#8221;default&#8221; button_text_size=&#8221;26px&#8221; custom_margin=&#8221;50px||40px||false|false&#8221; animation_style=&#8221;bounce&#8221;][\/et_pb_button][\/et_pb_column][\/et_pb_row][\/et_pb_section]<\/p>\n","protected":false},"excerpt":{"rendered":"<p>[et_pb_section fb_built=&#8221;1&#8243; _builder_version=&#8221;4.6.6&#8243; _module_preset=&#8221;default&#8221; background_color=&#8221;#f4f4f4&#8243; background_enable_image=&#8221;off&#8221; parallax=&#8221;on&#8221; custom_margin=&#8221;0px||0px||false|false&#8221; custom_padding=&#8221;0px||0px||true|false&#8221;][et_pb_row column_structure=&#8221;1_2,1_2&#8243; make_equal=&#8221;on&#8221; _builder_version=&#8221;4.6.6&#8243; _module_preset=&#8221;default&#8221; width=&#8221;100%&#8221; max_width=&#8221;2560px&#8221; custom_margin=&#8221;0px||0px||false|false&#8221; custom_padding=&#8221;0px||0px||false|false&#8221;][et_pb_column type=&#8221;1_2&#8243; _builder_version=&#8221;4.6.6&#8243; _module_preset=&#8221;default&#8221; custom_padding=&#8221;200px|10%||10%|false|false&#8221; animation_style=&#8221;slide&#8221; animation_direction=&#8221;left&#8221; animation_intensity_slide=&#8221;10%&#8221;][et_pb_text _builder_version=&#8221;4.9.2&#8243; _module_preset=&#8221;default&#8221; header_font=&#8221;Trebuchet||||||||&#8221; header_text_color=&#8221;#0a0a0a&#8221; header_font_size=&#8221;44px&#8221;] Meist\u00e4 [\/et_pb_text][et_pb_divider _builder_version=&#8221;4.6.6&#8243; _module_preset=&#8221;default&#8221; width=&#8221;30px&#8221;][\/et_pb_divider][et_pb_text _builder_version=&#8221;4.9.2&#8243; _module_preset=&#8221;default&#8221; text_font=&#8221;Verdana||||||||&#8221; text_font_size=&#8221;21px&#8221; text_line_height=&#8221;1.6em&#8221; hover_enabled=&#8221;0&#8243; sticky_enabled=&#8221;0&#8243;] Suunniteltu nauraen ja kikattaen posket punoittaen innostuksesta. Koottu Rakkaudella ja joskus tuskan hiell\u00e4 sek\u00e4 [&hellip;]<\/p>\n","protected":false},"author":1,"featured_media":0,"parent":0,"menu_order":0,"comment_status":"closed","ping_status":"closed","template":"","meta":{"_et_pb_use_builder":"on","_et_pb_old_content":"","_et_gb_content_width":"","footnotes":""},"class_list":["post-223148","page","type-page","status-publish","hentry"],"_links":{"self":[{"href":"https:\/\/test.olipakerran.fi\/index.php\/wp-json\/wp\/v2\/pages\/223148","targetHints":{"allow":["GET"]}}],"collection":[{"href":"https:\/\/test.olipakerran.fi\/index.php\/wp-json\/wp\/v2\/pages"}],"about":[{"href":"https:\/\/test.olipakerran.fi\/index.php\/wp-json\/wp\/v2\/types\/page"}],"author":[{"embeddable":true,"href":"https:\/\/test.olipakerran.fi\/index.php\/wp-json\/wp\/v2\/users\/1"}],"replies":[{"embeddable":true,"href":"https:\/\/test.olipakerran.fi\/index.php\/wp-json\/wp\/v2\/comments?post=223148"}],"version-history":[{"count":7,"href":"https:\/\/test.olipakerran.fi\/index.php\/wp-json\/wp\/v2\/pages\/223148\/revisions"}],"predecessor-version":[{"id":225388,"href":"https:\/\/test.olipakerran.fi\/index.php\/wp-json\/wp\/v2\/pages\/223148\/revisions\/225388"}],"wp:attachment":[{"href":"https:\/\/test.olipakerran.fi\/index.php\/wp-json\/wp\/v2\/media?parent=223148"}],"curies":[{"name":"wp","href":"https:\/\/api.w.org\/{rel}","templated":true}]}}